e the prime factors of n(-3)?
2, 19, 29
Let j(n) = 1 + 6*n**3 - 2*n - 5*n**2 + 6*n + 0 - 5*n**3. Let g be j(4). Suppose 15 + g = 2*i. What are the prime factors of i?
2
Let u be (-8)/(-44) + (-31)/(-11). Suppose 0 = 5*l - u*l + h - 2, 3*h = -4*l + 8. Let o(i) = -14*i**3 - i - 1. What are the prime factors of o(l)?
2, 7
Suppose -v = -5*o + 43 + 76, 4*o = -3*v + 80. Let w = o + -45. What are the prime factors of 3/(0 - 3) - w?
3, 7
Let o(w) be the first derivative of -w**4/4 - 2*w**3 + 2*w**2 + 1. Let a be o(-7). Suppose 0*v + a = v. List the prime factors of v.
3, 7
Suppose 25*y - 216 = 17*y. What are the prime factors of y?
3
Suppose 6 - 18 = 4*k. List the prime factors of 48 - (2 + -5) - k.
2, 3
Let d(r) = -11*r**2 + 20*r - 5. Let s be d(11). What are the prime factors of ((-2)/(-4))/((-9)/s)?
2, 31
Let v = -421 - -694. What are the prime factors of v?
3, 7, 13
Let h be (1 - -3) + 36 + -2. Suppose 0 = 2*p - h - 52. What are the prime factors of p?
3, 5
What are the prime factors of -7*(-21)/98 + (-2518)/(-4)?
631
Let b(i) = -71*i + 1370. What are the prime factors of b(0)?
2, 5, 137
Suppose 0 = -4*h + 3*x + 17, 0 = 7*h - 3*h + 3*x + 1. Suppose -h*r - 68 = -6*r. Let k = 25 - r. List the prime factors of k.
2
Suppose 0 = -b - 11 + 38. Let v = b + 65. Suppose v = -f + 5*f. List the prime factors of f.
23
Let g(d) be the first derivative of 3 - 9/2*d**2 + 2*d. What are the prime factors of g(-2)?
2, 5
Let z = -622 - -1741. List the prime factors of z.
3, 373
Let l(q) = 5*q**3 - 1. Let z(t) = t + 7. Let j be z(-6). Let b be l(j). Suppose -7*s = -b*s - 90. List the prime factors of s.
2, 3, 5
Suppose 4*x - 3987 = -5*x. Suppose -3*f - 5*c = -439, -c - x = -3*f - 2*c. List the prime factors of f.
2, 37
Let h(x) = -21*x + 44. Let b = 89 - 103. What are the prime factors of h(b)?
2, 13
Let y(a) be the second derivative of a**4/4 + 2*a**3/3 + a**2 - 19*a. Let s = -8 + 5. What are the prime factors of y(s)?
17
Let z(f) = -22*f + 12. Let k = -8 - -5. What are the prime factors of z(k)?
2, 3, 13
Suppose 2*v - 5*m = 499, -2*m = m - 15. What are the prime factors of v?
2, 131
Let t = -20 + 19. Let b be t/(-2) + (-6184)/(-16). List the prime factors of b/12 - 2/8.
2
Let j(z) = z**3 + z**2 - 4*z. Let f be j(-3). Suppose 0 = 2*a - v - v - 30, -4*a - v + 65 = 0. Let w = a - f. What are the prime factors of w?
2, 11
Suppose 0 = -4*x + 102 - 354. Let m = x - -103. What are the prime factors of m?
2, 5
What are the prime factors of 440/32 + -15 + (-14757)/(-4)?
2, 461
Let p be (91 - -2)*(-4)/(-12). Suppose 2*w + 5*t = 62, t + 0*t = w - p. What are the prime factors of (2/(-2) - -2) + w?
2
List the prime factors of (-344)/(5 + 68/(-14))*-1.
2, 7, 43
Let h = 18 + -23. Let a(u) = -6*u + 6. List the prime factors of a(h).
2, 3
Suppose 1344 = -u - 11*u. Let g = 174 + u. List the prime factors of g.
2, 31
Let c be (-2)/4 + 3/6. Suppose 4*l - 4*u + 20 = -c*l, l - 3 = 3*u. Let i = 28 + l. What are the prime factors of i?
19
Let q = 1010 + -332. What are the prime factors of q?
2, 3, 113
Let t(m) = 2*m**3 - 9*m**2 + 6*m - 3. Let h be t(4). Suppose 9*w - 340 = h*w. List the prime factors of w.
5, 17
Let r(n) = n**2 + 5*n + 6. Suppose 2*w - 20 = -2*a - 2*a, -a - 1 = -w. Let g be w + -2 + (-8 - -1). List the prime factors of r(g).
2, 3
Let q(t) = 2*t**2 - 15*t + 3. Let n(g) = 4*g**2 - 29*g + 7. Let w(z) = 2*n(z) - 5*q(z). What are the prime factors of w(8)?
7
Let s(u) = -u + 7. Suppose 9 + 6 = 3*g. What are the prime factors of s(g)?
2
Let r(b) = -b**3 + b**2 - 4*b - 339. Let g be r(0). Let d = -122 - g. What are the prime factors of d?
7, 31
Suppose -w = 2*w - 573. Suppose 295 = 6*a - w. List the prime factors of a.
3
Let o(t) = -t**3 + 16*t**2 + 28*t - 8. What are the prime factors of o(16)?
2, 5, 11
Suppose -7 - 37 = -2*m. Let r = 88 + m. Let h = r + -59. List the prime factors of h.
3, 17
Let u(p) be the first derivative of p**4/4 + 5*p**3/3 + 3*p**2 + 2*p + 3. Let z be u(-5). Let j = 46 + z. List the prime factors of j.
2, 3
List the prime factors of ((-4)/((-32)/(-2862)))/(87/(-232)).
2, 3, 53
Let i = 2374 + -1148. List the prime factors of i.
2, 613
Suppose 31*f = -19*f + 51000. List the prime factors of f.
2, 3, 5, 17
Let f be (1/(-2))/(1/(-346)). Let o = -77 + f. List the prime factors of o.
2, 3
What are the prime factors of 24/(-6) + 6 - -1070?
2, 67
Let d = 1530 - -3078. What are the prime factors of d?
2, 3
Let m = -4842 - -8745. What are the prime factors of m?
3, 1301
Let c be (1 + (-15)/10)*(-1 - -1). Suppose -4*s - 12*s + 3440 = c. List the prime factors of s.
5, 43
Let d be 5 - (-1)/2*6. Let o be d*((-28)/16)/1. Let n = -5 - o. List the prime factors of n.
3
Suppose 0 = -4*g + 6*g + m - 5106, g - 2555 = -m. What are the prime factors of g?
2551
Let t = -2077 + 2977. What are the prime factors of t?
2, 3, 5
Let w = -425 + 1136. What are the prime factors of w?
3, 79
Let d(g) = 6*g**3 + 2*g**2 + 2*g + 2. Let z be d(-2). Let s be (z/4)/(8/(-48)). Suppose 3*u + s = o, 3*u - 9 - 168 = -3*o. What are the prime factors of o?
2, 3, 5
Let d(j) = 12*j**2 + 2*j - 100. What are the prime factors of d(-8)?
2, 163
Let k = 4 + 6. Let c(d) = d**3 - 8*d**2 - 10*d - 5. What are the prime factors of c(k)?
5, 19
Let r = -11 - -8. Let y be 0 + r + -6 + 9. What are the prime factors of y + 10 - (3 - 3)?
2, 5
Suppose -266 + 242 = 4*f. List the prime factors of (f/((-36)/(-21)))/(-2)*48.
2, 3, 7
Suppose 0 = 2*b + b. Suppose -2*w - 57 = -3*k, -3*w + k + b*k - 89 = 0. List the prime factors of 2/(-5) - 162/w.
5
Let f(p) be the first derivative of p**4/12 - 2*p**3/3 - 3*p**2/2 + 5*p - 2. Let d(w) be the first derivative of f(w). What are the prime factors of d(-2)?
3
Suppose 2*w + 1 = -1, c - 2*w = 4. Let b(a) = 40*a**2 - 8*a + 13. What are the prime factors of b(c)?
157
Let f(p) = -25*p + 1. Suppose 5 = 5*n, -3*y = -y - n + 3. Let z be f(y). Suppose -z = i - 96. What are the prime factors of i?
2, 5, 7
Suppose -2*k + 4530 = 4*t - 0*t, -5*k - 2259 = -2*t. List the prime factors of t.
2, 283
Let g(a) = -a**3 + 9*a**2 + 21*a + 13. Let o be g(11). Suppose -6*u - o*u + 2296 = 0. List the prime factors of u.
7, 41
Let l(d) = -d**3 - 46*d**2 + 32*d + 277. List the prime factors of l(-47).
2, 491
List the prime factors of (-7244)/(-14) - 16/(-28).
2, 7, 37
Let n(x) = 2*x**2 - 13*x + 13. Let y be n(13). Suppose -y = -o - 0*o. Let i = o + -126. What are the prime factors of i?
2, 7
Suppose -4*v - 120 = -4*t, -5*t + 0*v - 2*v + 115 = 0. List the prime factors of (-585)/t*20/(-6).
2, 3, 13
Let c be 0*(4 + 5 + -10). Suppose -8*g + 197 + 683 = c. List the prime factors of g.
2, 5, 11
What are the prime factors of 1401 + 5 + -11 + 6?
3, 467
Let p = 21 - 24. What are the prime factors of (-8)/12*p + 13?
3, 5
Let u(f) = 1422*f - 161. List the prime factors of u(4).
5527
What are the prime factors of 6/(90/(-5))*-1347?
449
Let c = -985 - -1369. What are the prime factors of c?
2, 3
What are the prime factors of 6 + 2034 + (1 - 8)?
19, 107
Let l(o) = o**2 - 13*o - 10. Let h be l(14). Suppose 5*j = -2*k + 4*k - 277, h*j = k - 143. List the prime factors of k.
131
Let s = -4725 + 7314. What are the prime factors of s?
3, 863
Let z be 12/(-24)*(-20)/(-2). Let h(k) = -17*k - 1. What are the prime factors of h(z)?
2, 3, 7
Let h(o) = o + 22. Suppose 4*t = 4, -4*t + 23 - 4 = -w. Let g be h(w). Suppose -15 - g = -2*x. What are the prime factors of x?
11
Let x = 52 - 47. Suppose 0*z + 3*i = -z + 39, -x*i - 195 = -5*z. What are the prime factors of z?
3, 13
Suppose -29 + 25 = -2*w. Let v(y) = -2*y - 3. Let s be v(-3). Suppose s*h = w*n + h, -20 = -2*n - 2*h. List the prime factors of n.
5
List the prime factors of ((0 - 4) + 3)/((-2)/574).
7, 41
Let j = 221 + -375. Let a = j + 231. What are the prime factors of a?
7, 11
Let z(j) = -j**3 + 14*j**2 - 12*j + 13. Suppose -2*b = 4*b - 78. What are the prime factors of z(b)?
2, 13
Let t = -814 - -1336. List the prime factors of t.
2, 3, 29
Let h be (-8)/4 - 0 - (-150)/(-3). Let d = h - -81. What are the prime factors of d?
29
Let i(v) be the second derivative of v**6/72 + v**5/40 - v**4/8 + v**3/6 - 2*v. Let y(s) be the second derivative of i(s). List the prime factors of y(2).
23
Let y(c) = -c**3 - 6*c**2 + 2*c + 5. Let v be y(-6). Let o(p) = 10*p + 17. Let b be 